{"id":785,"date":"2023-04-19T21:13:05","date_gmt":"2023-04-19T19:13:05","guid":{"rendered":"https:\/\/mobilhazkereso.hu\/?page_id=785"},"modified":"2023-04-19T21:13:05","modified_gmt":"2023-04-19T19:13:05","slug":"fogalomtar-mi-az-acelvaz-szerkezet-mi-koze-a-mobilhazakhoz","status":"publish","type":"page","link":"https:\/\/mobilhazkereso.hu\/?page_id=785","title":{"rendered":"Fogalomt\u00e1r &#8211; Mi az ac\u00e9lv\u00e1z szerkezet? Mi k\u00f6ze a mobilh\u00e1zakhoz?"},"content":{"rendered":"\n<p>Az ac\u00e9lv\u00e1z szerkezet egy olyan \u00e9p\u00edt\u0151elem, amelyet a t\u00f6bbek k\u00f6z\u00f6tt a mobilh\u00e1zak k\u00e9sz\u00edt\u00e9s\u00e9n\u00e9l haszn\u00e1lnak. Az ac\u00e9lv\u00e1zak er\u0151s, tart\u00f3s \u00e9s k\u00f6nny\u0171s\u00faly\u00faak, \u00edgy a mobilh\u00e1zak sz\u00e1ll\u00edt\u00e1sa \u00e9s telep\u00edt\u00e9se sokkal egyszer\u0171bb \u00e9s hat\u00e9konyabb, mint a hagyom\u00e1nyos \u00e9p\u00edt\u00e9si m\u00f3dszerek eset\u00e9ben. Az ac\u00e9lv\u00e1zak \u00e1ltal\u00e1ban szabv\u00e1nym\u00e9ret\u0171 panelekb\u0151l vagy cs\u0151elemekb\u0151l \u00e1llnak, amelyek k\u00f6nnyen \u00f6sszeilleszthet\u0151k \u00e9s r\u00f6gz\u00edthet\u0151k. Az ac\u00e9lv\u00e1z szerkezet rugalmas \u00e9s sokoldal\u00fa, \u00edgy k\u00f6nnyen testre szabhat\u00f3 a k\u00fcl\u00f6nb\u00f6z\u0151 \u00e9p\u00edt\u00e9si projektekhez.<\/p>\n\n\n\n<div style=\"height:65px\" aria-hidden=\"true\" class=\"wp-block-spacer\"><\/div>\n\n\n\n<p><em>2023.04.19.<\/em><\/p>\n\n\n\n<p><em>A fenti cikk a Mobilh\u00e1zkeres\u0151.hu tulajdona.<\/em><\/p>\n\n\n\n<p><em>A Mobilh\u00e1zkeres\u0151.hu enged\u00e9lyt ad a szabad felhaszn\u00e1l\u00e1s\u00e1ra, de felt\u00e9tlen sz\u00fcks\u00e9ges az eredeti forr\u00e1s megjel\u00f6l\u00e9se, mely tartalmazza a Mobilh\u00e1zkeres\u0151.hu nev\u00e9t \u00e9s az eredeti cikkre mutat\u00f3 linket.<\/em><\/p>\n","protected":false},"excerpt":{"rendered":"<p>Az ac\u00e9lv\u00e1z szerkezet egy olyan \u00e9p\u00edt\u0151elem, amelyet a t\u00f6bbek k\u00f6z\u00f6tt a mobilh\u00e1zak k\u00e9sz\u00edt\u00e9s\u00e9n\u00e9l haszn\u00e1lnak. Az ac\u00e9lv\u00e1zak er\u0151s, tart\u00f3s \u00e9s k\u00f6nny\u0171s\u00faly\u00faak, \u00edgy a mobilh\u00e1zak sz\u00e1ll\u00edt\u00e1sa \u00e9s telep\u00edt\u00e9se sokkal egyszer\u0171bb \u00e9s hat\u00e9konyabb, mint a hagyom\u00e1nyos \u00e9p\u00edt\u00e9si m\u00f3dszerek eset\u00e9ben. Az ac\u00e9lv\u00e1zak \u00e1ltal\u00e1ban szabv\u00e1nym\u00e9ret\u0171 panelekb\u0151l vagy cs\u0151elemekb\u0151l \u00e1llnak, amelyek k\u00f6nnyen \u00f6sszeilleszthet\u0151k \u00e9s r\u00f6gz\u00edthet\u0151k. Az ac\u00e9lv\u00e1z szerkezet rugalmas \u00e9s sokoldal\u00fa,&#8230;<\/p>\n","protected":false},"author":2,"featured_media":0,"parent":0,"menu_order":0,"comment_status":"closed","ping_status":"closed","template":"","meta":{"_monsterinsights_skip_tracking":false,"_monsterinsights_sitenote_active":false,"_monsterinsights_sitenote_note":"","_monsterinsights_sitenote_category":0,"ngg_post_thumbnail":0,"footnotes":""},"class_list":["post-785","page","type-page","status-publish","hentry"],"_links":{"self":[{"href":"https:\/\/mobilhazkereso.hu\/index.php?rest_route=\/wp\/v2\/pages\/785","targetHints":{"allow":["GET"]}}],"collection":[{"href":"https:\/\/mobilhazkereso.hu\/index.php?rest_route=\/wp\/v2\/pages"}],"about":[{"href":"https:\/\/mobilhazkereso.hu\/index.php?rest_route=\/wp\/v2\/types\/page"}],"author":[{"embeddable":true,"href":"https:\/\/mobilhazkereso.hu\/index.php?rest_route=\/wp\/v2\/users\/2"}],"replies":[{"embeddable":true,"href":"https:\/\/mobilhazkereso.hu\/index.php?rest_route=%2Fwp%2Fv2%2Fcomments&post=785"}],"version-history":[{"count":1,"href":"https:\/\/mobilhazkereso.hu\/index.php?rest_route=\/wp\/v2\/pages\/785\/revisions"}],"predecessor-version":[{"id":786,"href":"https:\/\/mobilhazkereso.hu\/index.php?rest_route=\/wp\/v2\/pages\/785\/revisions\/786"}],"wp:attachment":[{"href":"https:\/\/mobilhazkereso.hu\/index.php?rest_route=%2Fwp%2Fv2%2Fmedia&parent=785"}],"curies":[{"name":"wp","href":"https:\/\/api.w.org\/{rel}","templated":true}]}}