{"id":775,"date":"2023-04-19T21:06:45","date_gmt":"2023-04-19T19:06:45","guid":{"rendered":"https:\/\/mobilhazkereso.hu\/?page_id=775"},"modified":"2023-04-19T21:06:45","modified_gmt":"2023-04-19T19:06:45","slug":"fogalomtar-mi-az-a-buborekhaz-vagy-masneven-iglu-igloo-dome","status":"publish","type":"page","link":"https:\/\/mobilhazkereso.hu\/?page_id=775","title":{"rendered":"Fogalomt\u00e1r &#8211; Mi az a bubor\u00e9kh\u00e1z vagy m\u00e1sn\u00e9ven iglu, igloo, dome?"},"content":{"rendered":"\n<p>A bubor\u00e9kh\u00e1z, m\u00e1s n\u00e9ven iglu, egy \u00e1tl\u00e1tsz\u00f3 m\u0171anyagb\u00f3l k\u00e9sz\u00fclt, nagyj\u00e1b\u00f3l f\u00e9lg\u00f6mb alak\u00fa kis \u00e9p\u00edtm\u00e9ny, amely lehet\u0151v\u00e9 teszi az \u00e9jszakai vagy nappali szabadban val\u00f3 alv\u00e1st. A m\u0171anyag anyaga lehet\u0151v\u00e9 teszi a panor\u00e1m\u00e1s kil\u00e1t\u00e1st, \u00edgy a l\u00e1togat\u00f3k \u00e9lvezhetik a term\u00e9szet k\u00f6zels\u00e9g\u00e9t \u00e9s a csillagos eget.&nbsp;<\/p>\n\n\n\n<p>A bubor\u00e9kh\u00e1zak t\u00f6bbf\u00e9le m\u00e9retben kaphat\u00f3k, a kisebbek k\u00f6nnyen mozgathat\u00f3k, a nagyobbak pedig t\u00f6bb embernek is k\u00e9nyelmes alv\u00f3helyet biztos\u00edtanak. A bubor\u00e9kh\u00e1zak sz\u00e1mos helyen n\u00e9pszer\u0171ek, k\u00fcl\u00f6n\u00f6sen a term\u00e9szeti sz\u00e9ps\u00e9gekben gazdag ter\u00fcleteken. Sok helyen k\u00fcl\u00f6nleges \u00e9lm\u00e9nyprogramokat k\u00edn\u00e1lnak a bubor\u00e9kh\u00e1zakban elt\u00f6lt\u00f6tt \u00e9jszak\u00e1khoz, p\u00e9ld\u00e1ul romantikus vacsor\u00e1kat vagy csillag\u00e1szati \u200b\u200bt\u00far\u00e1kat.&nbsp;<\/p>\n\n\n\n<p>A bubor\u00e9kh\u00e1zak jellemz\u0151en nagyon j\u00f3l szigeteltek, \u00edgy az id\u0151j\u00e1r\u00e1s v\u00e1ltoz\u00e1sainak ellen\u00e1llnak, de sz\u00fcks\u00e9g eset\u00e9n f\u0171thet\u0151ek-h\u0171thet\u0151ek is. Az igluk bels\u0151 ter\u00e9t k\u00e9nyelmes \u00e1gyakkal, \u00fcl\u0151sarokkal, \u00e9s vil\u00e1g\u00edt\u00e1ssal rendezik be. A bubor\u00e9kh\u00e1zak biztons\u00e1gosak \u00e9s k\u00f6nnyen karbantarthat\u00f3k.<\/p>\n\n\n\n<div style=\"height:51px\" aria-hidden=\"true\" class=\"wp-block-spacer\"><\/div>\n\n\n\n<p><em>2023.04.19.<\/em><\/p>\n\n\n\n<p><em>A fenti cikk a Mobilh\u00e1zkeres\u0151.hu tulajdona.<\/em><\/p>\n\n\n\n<p><em>A Mobilh\u00e1zkeres\u0151.hu enged\u00e9lyt ad a szabad felhaszn\u00e1l\u00e1s\u00e1ra, de felt\u00e9tlen sz\u00fcks\u00e9ges az eredeti forr\u00e1s megjel\u00f6l\u00e9se, mely tartalmazza a Mobilh\u00e1zkeres\u0151.hu nev\u00e9t \u00e9s az eredeti cikkre mutat\u00f3 linket.<\/em><\/p>\n","protected":false},"excerpt":{"rendered":"<p>A bubor\u00e9kh\u00e1z, m\u00e1s n\u00e9ven iglu, egy \u00e1tl\u00e1tsz\u00f3 m\u0171anyagb\u00f3l k\u00e9sz\u00fclt, nagyj\u00e1b\u00f3l f\u00e9lg\u00f6mb alak\u00fa kis \u00e9p\u00edtm\u00e9ny, amely lehet\u0151v\u00e9 teszi az \u00e9jszakai vagy nappali szabadban val\u00f3 alv\u00e1st. A m\u0171anyag anyaga lehet\u0151v\u00e9 teszi a panor\u00e1m\u00e1s kil\u00e1t\u00e1st, \u00edgy a l\u00e1togat\u00f3k \u00e9lvezhetik a term\u00e9szet k\u00f6zels\u00e9g\u00e9t \u00e9s a csillagos eget.&nbsp; A bubor\u00e9kh\u00e1zak t\u00f6bbf\u00e9le m\u00e9retben kaphat\u00f3k, a kisebbek k\u00f6nnyen mozgathat\u00f3k, a nagyobbak pedig&#8230;<\/p>\n","protected":false},"author":2,"featured_media":0,"parent":0,"menu_order":0,"comment_status":"closed","ping_status":"closed","template":"","meta":{"_monsterinsights_skip_tracking":false,"_monsterinsights_sitenote_active":false,"_monsterinsights_sitenote_note":"","_monsterinsights_sitenote_category":0,"ngg_post_thumbnail":0,"footnotes":""},"class_list":["post-775","page","type-page","status-publish","hentry"],"_links":{"self":[{"href":"https:\/\/mobilhazkereso.hu\/index.php?rest_route=\/wp\/v2\/pages\/775","targetHints":{"allow":["GET"]}}],"collection":[{"href":"https:\/\/mobilhazkereso.hu\/index.php?rest_route=\/wp\/v2\/pages"}],"about":[{"href":"https:\/\/mobilhazkereso.hu\/index.php?rest_route=\/wp\/v2\/types\/page"}],"author":[{"embeddable":true,"href":"https:\/\/mobilhazkereso.hu\/index.php?rest_route=\/wp\/v2\/users\/2"}],"replies":[{"embeddable":true,"href":"https:\/\/mobilhazkereso.hu\/index.php?rest_route=%2Fwp%2Fv2%2Fcomments&post=775"}],"version-history":[{"count":2,"href":"https:\/\/mobilhazkereso.hu\/index.php?rest_route=\/wp\/v2\/pages\/775\/revisions"}],"predecessor-version":[{"id":777,"href":"https:\/\/mobilhazkereso.hu\/index.php?rest_route=\/wp\/v2\/pages\/775\/revisions\/777"}],"wp:attachment":[{"href":"https:\/\/mobilhazkereso.hu\/index.php?rest_route=%2Fwp%2Fv2%2Fmedia&parent=775"}],"curies":[{"name":"wp","href":"https:\/\/api.w.org\/{rel}","templated":true}]}}