{"id":2400,"date":"2024-08-30T12:03:01","date_gmt":"2024-08-30T10:03:01","guid":{"rendered":"https:\/\/mobilhazkereso.hu\/?page_id=2400"},"modified":"2024-08-30T12:45:03","modified_gmt":"2024-08-30T10:45:03","slug":"torok-vs-magyar-kontener-az-olcsobb-jobb","status":"publish","type":"page","link":"https:\/\/mobilhazkereso.hu\/?page_id=2400","title":{"rendered":"T\u00f6r\u00f6k VS magyar kont\u00e9ner. Avagy az olcs\u00f3bb is lehet j\u00f3?"},"content":{"rendered":"\n<p><strong>Teljesen term\u00e9szetes \u00e9s h\u00e9tk\u00f6znapi dolog, hogy az emberek szeretnek olcs\u00f3n j\u00f3t v\u00e1s\u00e1rolni. Ez\u00e1ltal joggal mer\u00fcl fel a k\u00e9rd\u00e9s, hogy ha olcs\u00f3 kont\u00e9nert veszek, akkor is j\u00e1rhatok ugyanolyan j\u00f3l, esetleg jobban? Ennek az izgalmas \u00e9s fontos k\u00e9rd\u00e9snek j\u00e1rtunk most ut\u00e1na szakmai cikk\u00fcnkben.<\/strong><\/p>\n\n\n\n<div style=\"height:50px\" aria-hidden=\"true\" class=\"wp-block-spacer\"><\/div>\n\n\n\n<p>A Mobilh\u00e1zkeres\u0151 Kiemelt Partnere, a <a href=\"https:\/\/mobilhazkereso.hu\/?page_id=679\" data-type=\"link\" data-id=\"https:\/\/mobilhazkereso.hu\/?page_id=679\" target=\"_blank\" rel=\"noreferrer noopener\">F\u00e9Ba Lemez Kft. <\/a>telephely\u00e9n egyar\u00e1nt megtal\u00e1lhat\u00f3ak a t\u00f6r\u00f6k, illetve a magyar gy\u00e1rt\u00e1s\u00fa kont\u00e9nerek, \u00edgy seg\u00edts\u00e9g\u00fckkel a min\u0151s\u00e9g \u00e9s egy\u00e9b t\u00e9nyez\u0151k tekintet\u00e9ben elfogulatlan eredm\u00e9nyt kaphatunk a sz\u00e1raz adatok alapj\u00e1n. A F\u00e9Ba Lemez Kft. term\u00e9keit hasonl\u00edtottuk \u00f6ssze jelen szakmai cikk\u00fcnkben, a k\u00fcl\u00f6nbs\u00e9geket k\u00e9pes anyaggal is demonstr\u00e1ltuk.<\/p>\n\n\n\n<p>T\u00f6r\u00f6k kont\u00e9ner:<\/p>\n\n\n\n<figure class=\"wp-block-image size-full is-resized\"><img loading=\"lazy\" decoding=\"async\" width=\"1000\" height=\"750\" src=\"https:\/\/mobilhazkereso.hu\/wp-content\/uploads\/2024\/08\/torok1.jpg\" alt=\"T\u00f6r\u00f6k kont\u00e9ner \" class=\"wp-image-2430\" style=\"width:400px\" srcset=\"https:\/\/mobilhazkereso.hu\/wp-content\/uploads\/2024\/08\/torok1.jpg 1000w, https:\/\/mobilhazkereso.hu\/wp-content\/uploads\/2024\/08\/torok1-300x225.jpg 300w, https:\/\/mobilhazkereso.hu\/wp-content\/uploads\/2024\/08\/torok1-768x576.jpg 768w\" sizes=\"auto, (max-width: 1000px) 100vw, 1000px\" \/><\/figure>\n\n\n\n<p>F\u00e9Ba Lemez magyar kont\u00e9ner:<\/p>\n\n\n\n<figure class=\"wp-block-image size-full is-resized\"><img loading=\"lazy\" decoding=\"async\" width=\"1024\" height=\"1024\" src=\"https:\/\/mobilhazkereso.hu\/wp-content\/uploads\/2024\/08\/FeBa1.jpg\" alt=\"F\u00e9Ba kont\u00e9ner\" class=\"wp-image-2423\" style=\"width:400px\" srcset=\"https:\/\/mobilhazkereso.hu\/wp-content\/uploads\/2024\/08\/FeBa1.jpg 1024w, https:\/\/mobilhazkereso.hu\/wp-content\/uploads\/2024\/08\/FeBa1-300x300.jpg 300w, https:\/\/mobilhazkereso.hu\/wp-content\/uploads\/2024\/08\/FeBa1-150x150.jpg 150w, https:\/\/mobilhazkereso.hu\/wp-content\/uploads\/2024\/08\/FeBa1-768x768.jpg 768w\" sizes=\"auto, (max-width: 1024px) 100vw, 1024px\" \/><\/figure>\n\n\n\n<div style=\"height:50px\" aria-hidden=\"true\" class=\"wp-block-spacer\"><\/div>\n\n\n\n<p>Alapter\u00fcletre a k\u00e9t kont\u00e9ner megegyezik, mindkett\u0151 7,00 m*3,00 m.<\/p>\n\n\n\n<p>A magyar kont\u00e9ner belmagass\u00e1ga egy picit magasabb, eg\u00e9sz pontosan 15 cm-rel.<\/p>\n\n\n\n<p>Nem nagy dolog, de az\u00e9rt m\u00e9gis sz\u00e1m\u00edt a komfort\u00e9rzet\u00fcnknek.&nbsp;<\/p>\n\n\n\n<div style=\"height:50px\" aria-hidden=\"true\" class=\"wp-block-spacer\"><\/div>\n\n\n\n<p>T\u00f6r\u00f6k kont\u00e9ner:<\/p>\n\n\n\n<figure class=\"wp-block-image size-full is-resized\"><img loading=\"lazy\" decoding=\"async\" width=\"816\" height=\"612\" src=\"https:\/\/mobilhazkereso.hu\/wp-content\/uploads\/2024\/08\/torok3.jpg\" alt=\"T\u00f6r\u00f6k kont\u00e9ner\" class=\"wp-image-2432\" style=\"width:400px\" srcset=\"https:\/\/mobilhazkereso.hu\/wp-content\/uploads\/2024\/08\/torok3.jpg 816w, https:\/\/mobilhazkereso.hu\/wp-content\/uploads\/2024\/08\/torok3-300x225.jpg 300w, https:\/\/mobilhazkereso.hu\/wp-content\/uploads\/2024\/08\/torok3-768x576.jpg 768w\" sizes=\"auto, (max-width: 816px) 100vw, 816px\" \/><\/figure>\n\n\n\n<p>F\u00e9Ba Lemez magyar kont\u00e9ner:<\/p>\n\n\n\n<figure class=\"wp-block-image size-full is-resized\"><img loading=\"lazy\" decoding=\"async\" width=\"1024\" height=\"1024\" src=\"https:\/\/mobilhazkereso.hu\/wp-content\/uploads\/2024\/08\/FeBa3.jpg\" alt=\"F\u00e9Ba Lemez magyar kont\u00e9ner\" class=\"wp-image-2425\" style=\"width:400px\" srcset=\"https:\/\/mobilhazkereso.hu\/wp-content\/uploads\/2024\/08\/FeBa3.jpg 1024w, https:\/\/mobilhazkereso.hu\/wp-content\/uploads\/2024\/08\/FeBa3-300x300.jpg 300w, https:\/\/mobilhazkereso.hu\/wp-content\/uploads\/2024\/08\/FeBa3-150x150.jpg 150w, https:\/\/mobilhazkereso.hu\/wp-content\/uploads\/2024\/08\/FeBa3-768x768.jpg 768w\" sizes=\"auto, (max-width: 1024px) 100vw, 1024px\" \/><\/figure>\n\n\n\n<div style=\"height:50px\" aria-hidden=\"true\" class=\"wp-block-spacer\"><\/div>\n\n\n\n<p>V\u00e1zszerkezet: A t\u00f6r\u00f6k kont\u00e9ner eset\u00e9ben \u201esima\u201d v\u00e1zszerkezetr\u0151l besz\u00e9l\u00fcnk, m\u00edg a magyar kont\u00e9ner egy meger\u0151s\u00edtett v\u00e1zszerkezet\u0171. Term\u00e9szetesen mindkett\u0151 daruzhat\u00f3.<\/p>\n\n\n\n<p><\/p>\n\n\n\n<p>A szendvicspanel tekintet\u00e9ben is a magyar term\u00e9k az er\u0151sebb, mert m\u00edg a t\u00f6r\u00f6k gy\u00e1rtm\u00e1nyn\u00e1l 50 mm-es vastags\u00e1gr\u00f3l besz\u00e9l\u00fcnk, addig a magyar kont\u00e9nerben ez 60 mm.\u00a0<\/p>\n\n\n\n<p><\/p>\n\n\n\n<p>A ny\u00edl\u00e1sz\u00e1r\u00f3k tekintet\u00e9ben is jobban \u00e1ll a magyar v\u00e1ltozat, mert darabsz\u00e1mra megegyeznek (egy bej\u00e1rati ajt\u00f3, k\u00e9t buk\u00f3-ny\u00edl\u00f3 ablak), de a magyar kont\u00e9ner kett\u0151s \u00fcvegez\u00e9ssel k\u00e9sz\u00fcl, mely szint\u00e9n nem elhanyagolhat\u00f3 k\u00fcl\u00f6nbs\u00e9g.\u00a0<\/p>\n\n\n\n<p>T\u00f6r\u00f6k kont\u00e9ner:<\/p>\n\n\n\n<figure class=\"wp-block-image size-large is-resized\"><img loading=\"lazy\" decoding=\"async\" width=\"768\" height=\"1024\" src=\"https:\/\/mobilhazkereso.hu\/wp-content\/uploads\/2024\/08\/torok6-1-768x1024.jpg\" alt=\"T\u00f6r\u00f6k kont\u00e9ner\" class=\"wp-image-2435\" style=\"width:400px\" srcset=\"https:\/\/mobilhazkereso.hu\/wp-content\/uploads\/2024\/08\/torok6-1-768x1024.jpg 768w, https:\/\/mobilhazkereso.hu\/wp-content\/uploads\/2024\/08\/torok6-1-225x300.jpg 225w, https:\/\/mobilhazkereso.hu\/wp-content\/uploads\/2024\/08\/torok6-1.jpg 1080w\" sizes=\"auto, (max-width: 768px) 100vw, 768px\" \/><\/figure>\n\n\n\n<p>F\u00e9Ba Lemez magyar kont\u00e9ner:<\/p>\n\n\n\n<figure class=\"wp-block-image size-large is-resized\"><img loading=\"lazy\" decoding=\"async\" width=\"770\" height=\"1024\" src=\"https:\/\/mobilhazkereso.hu\/wp-content\/uploads\/2024\/08\/FeBa6-770x1024.jpg\" alt=\"F\u00e9Ba Lemez magyar kont\u00e9ner\" class=\"wp-image-2428\" style=\"width:400px\" srcset=\"https:\/\/mobilhazkereso.hu\/wp-content\/uploads\/2024\/08\/FeBa6-770x1024.jpg 770w, https:\/\/mobilhazkereso.hu\/wp-content\/uploads\/2024\/08\/FeBa6-225x300.jpg 225w, https:\/\/mobilhazkereso.hu\/wp-content\/uploads\/2024\/08\/FeBa6-768x1022.jpg 768w, https:\/\/mobilhazkereso.hu\/wp-content\/uploads\/2024\/08\/FeBa6.jpg 1080w\" sizes=\"auto, (max-width: 770px) 100vw, 770px\" \/><\/figure>\n\n\n\n<div style=\"height:50px\" aria-hidden=\"true\" class=\"wp-block-spacer\"><\/div>\n\n\n\n<p>De most n\u00e9zz\u00fck a piszkos anyagiakat!<\/p>\n\n\n\n<p>A t\u00f6r\u00f6k kont\u00e9ner \u00e1ra: 2.250.000 Ft&nbsp;+ \u00e1fa<\/p>\n\n\n\n<p>A magyar kont\u00e9ner \u00e1ra: 2.899.000 Ft + \u00e1fa<\/p>\n\n\n\n<p>L\u00e1tszik, hogy a k\u00fcl\u00f6nbs\u00e9g 649.000 Ft + \u00e1fa a magyar term\u00e9k jav\u00e1ra. &nbsp;<\/p>\n\n\n\n<div style=\"height:50px\" aria-hidden=\"true\" class=\"wp-block-spacer\"><\/div>\n\n\n\n<p>A fent le\u00edrtak alapj\u00e1n elmondhatjuk, hogy jelen esetben az olcs\u00f3bbal nem felt\u00e9tlen\u00fcl j\u00e1rn\u00e1nk ugyanolyan j\u00f3l. T\u00e9ny, hogy a magyar gy\u00e1rt\u00e1s\u00fa kont\u00e9ner nett\u00f3 649.000 Ft-tal dr\u00e1g\u00e1bb, mint a t\u00f6r\u00f6k versenyt\u00e1rsa, m\u00e9gis a szakmai v\u00e9lem\u00e9ny\u00fcnk alapj\u00e1n \u00e9rdemes r\u00e1sz\u00e1nni azt a kis plusz p\u00e9nzt, mert \u00e1r-\u00e9rt\u00e9k ar\u00e1ny\u00e1ban j\u00f3val t\u00f6bb mindent kapunk, \u00e9s ez fontos t\u00e9nyez\u0151 lehet egy ilyen hossz\u00fat\u00e1v\u00fa befektet\u00e9sn\u00e9l, mint a mobilh\u00e1z v\u00e1s\u00e1rl\u00e1s.\u00a0<\/p>\n\n\n\n<figure class=\"wp-block-image size-full is-resized\"><img loading=\"lazy\" decoding=\"async\" width=\"1024\" height=\"1024\" src=\"https:\/\/mobilhazkereso.hu\/wp-content\/uploads\/2024\/08\/FeBa1.jpg\" alt=\"F\u00e9Ba kont\u00e9ner\" class=\"wp-image-2423\" style=\"width:400px\" srcset=\"https:\/\/mobilhazkereso.hu\/wp-content\/uploads\/2024\/08\/FeBa1.jpg 1024w, https:\/\/mobilhazkereso.hu\/wp-content\/uploads\/2024\/08\/FeBa1-300x300.jpg 300w, https:\/\/mobilhazkereso.hu\/wp-content\/uploads\/2024\/08\/FeBa1-150x150.jpg 150w, https:\/\/mobilhazkereso.hu\/wp-content\/uploads\/2024\/08\/FeBa1-768x768.jpg 768w\" sizes=\"auto, (max-width: 1024px) 100vw, 1024px\" \/><\/figure>\n\n\n\n<figure class=\"wp-block-image size-full is-resized\"><img loading=\"lazy\" decoding=\"async\" width=\"1000\" height=\"750\" src=\"https:\/\/mobilhazkereso.hu\/wp-content\/uploads\/2024\/08\/torok1.jpg\" alt=\"T\u00f6r\u00f6k kont\u00e9ner\" class=\"wp-image-2430\" style=\"width:400px\" srcset=\"https:\/\/mobilhazkereso.hu\/wp-content\/uploads\/2024\/08\/torok1.jpg 1000w, https:\/\/mobilhazkereso.hu\/wp-content\/uploads\/2024\/08\/torok1-300x225.jpg 300w, https:\/\/mobilhazkereso.hu\/wp-content\/uploads\/2024\/08\/torok1-768x576.jpg 768w\" sizes=\"auto, (max-width: 1000px) 100vw, 1000px\" \/><\/figure>\n\n\n\n<p>Mint fentebb is le\u00edrtuk, ezek a sz\u00e1raz t\u00e9nyek \u00e9s a sz\u00e1mok, de mindenki gy\u0151z\u0151dj\u00f6n meg a saj\u00e1t szem\u00e9vel r\u00f3la.&nbsp;<\/p>\n\n\n\n<p>Ezt megtehetik, ha ell\u00e1togatnak a Mobilh\u00e1zkeres\u0151 m\u00e9lt\u00e1n Kiemelt Partnere, a <a href=\"https:\/\/mobilhazkereso.hu\/?page_id=679\" data-type=\"link\" data-id=\"https:\/\/mobilhazkereso.hu\/?page_id=679\" target=\"_blank\" rel=\"noreferrer noopener\">F\u00e9Ba Lemez Kft. <\/a>telephely\u00e9re. A Kiemelt Partners\u00e9g pedig garant\u00e1lja, hogy a leend\u0151 v\u00e1s\u00e1rl\u00f3 egy megb\u00edzhat\u00f3 c\u00e9gn\u00e9l hagyja a p\u00e9nz\u00e9t!<\/p>\n\n\n\n<p>Addig is haszn\u00e1ld a <a href=\"https:\/\/mobilhazkereso.hu\/?page_id=249\" data-type=\"link\" data-id=\"https:\/\/mobilhazkereso.hu\/?page_id=249\" target=\"_blank\" rel=\"noreferrer noopener\">Mobilh\u00e1zkeres\u0151 ingyenes aj\u00e1nlatk\u00e9r\u0151 fel\u00fclet\u00e9t<\/a>, vagy vedd fel k\u00f6zvetlen a kapcsolatot a <a href=\"http:\/\/www.lemezespanelker.oldalunk.hu\/\" data-type=\"link\" data-id=\"http:\/\/www.lemezespanelker.oldalunk.hu\/\" target=\"_blank\" rel=\"noreferrer noopener\">F\u00e9Ba Lemez Kft<\/a>-vel, \u00e9s hivatkozz a Mobilh\u00e1zkeres\u0151.hu-ra!\u00a0<\/p>\n\n\n\n<div style=\"height:50px\" aria-hidden=\"true\" class=\"wp-block-spacer\"><\/div>\n\n\n\n<p><strong>B\u0151vebb inform\u00e1ci\u00f3\u00e9rt forduljanak hozz\u00e1juk bizalommal az al\u00e1bbi el\u00e9rhet\u0151s\u00e9geiken:<\/strong><\/p>\n\n\n\n<p>C\u00edm: 4060 Balmaz\u00fajv\u00e1ros, B\u00f6sz\u00f6rm\u00e9nyi \u00fat 96. (Bej\u00e1rat az \u00dajkert sor fel\u0151l, \u201eF\u00e9Ba telephely\u201d)<\/p>\n\n\n\n<p>Web:&nbsp;<a href=\"http:\/\/lemezespanelker.oldalunk.hu\/site.php?sd=lemezespanelker\" target=\"_blank\" rel=\"noreferrer noopener\">www.lemezespanelker.oldalunk.hu<\/a><\/p>\n\n\n\n<p>Facebook:&nbsp;<a href=\"https:\/\/www.facebook.com\/profile.php?id=100072123352564\" target=\"_blank\" rel=\"noreferrer noopener\">F\u00e9BaLemez Kft<\/a><\/p>\n\n\n\n<p>Facebook Messenger: F\u00e9BaLemez&nbsp;Kft<\/p>\n\n\n\n<p>E-mail:&nbsp;<a href=\"mailto:lemezespanelker@gmail.com\" target=\"_blank\" rel=\"noreferrer noopener\">lemezespanelker@gmail.com<\/a><\/p>\n\n\n\n<p>Tel.: 06 70 618 2893 vagy 06 70 633 7349<br><\/p>\n\n\n\n<div style=\"height:50px\" aria-hidden=\"true\" class=\"wp-block-spacer\"><\/div>\n\n\n\n<p><em>2024.<\/em>08.30.<\/p>\n\n\n\n<p><em>A fenti cikk a Mobilh\u00e1zkeres\u0151.hu tulajdona.<\/em><\/p>\n\n\n\n<p><em>A Mobilh\u00e1zkeres\u0151.hu enged\u00e9lyt ad a szabad felhaszn\u00e1l\u00e1s\u00e1ra, de felt\u00e9tlen sz\u00fcks\u00e9ges az eredeti forr\u00e1s megjel\u00f6l\u00e9se, mely tartalmazza a Mobilh\u00e1zkeres\u0151.hu nev\u00e9t \u00e9s az eredeti cikkre mutat\u00f3 linket.<\/em><\/p>\n\n\n\n<div style=\"height:50px\" aria-hidden=\"true\" class=\"wp-block-spacer\"><\/div>\n\n\n\n<p><strong>T\u00f6r\u00f6k VS. magyar kont\u00e9ner gal\u00e9ria:<\/strong><\/p>\n\n\n\n<p><\/p>\n\n\n\nngg_shortcode_0_placeholder\n","protected":false},"excerpt":{"rendered":"<p>Teljesen term\u00e9szetes \u00e9s h\u00e9tk\u00f6znapi dolog, hogy az emberek szeretnek olcs\u00f3n j\u00f3t v\u00e1s\u00e1rolni. Ez\u00e1ltal joggal mer\u00fcl fel a k\u00e9rd\u00e9s, hogy ha olcs\u00f3 kont\u00e9nert veszek, akkor is j\u00e1rhatok ugyanolyan j\u00f3l, esetleg jobban? Ennek az izgalmas \u00e9s fontos k\u00e9rd\u00e9snek j\u00e1rtunk most ut\u00e1na szakmai cikk\u00fcnkben. A Mobilh\u00e1zkeres\u0151 Kiemelt Partnere, a F\u00e9Ba Lemez Kft. telephely\u00e9n egyar\u00e1nt megtal\u00e1lhat\u00f3ak a t\u00f6r\u00f6k, illetve&#8230;<\/p>\n","protected":false},"author":2,"featured_media":0,"parent":0,"menu_order":0,"comment_status":"closed","ping_status":"closed","template":"","meta":{"_monsterinsights_skip_tracking":false,"_monsterinsights_sitenote_active":false,"_monsterinsights_sitenote_note":"","_monsterinsights_sitenote_category":0,"ngg_post_thumbnail":0,"footnotes":""},"class_list":["post-2400","page","type-page","status-publish","hentry"],"_links":{"self":[{"href":"https:\/\/mobilhazkereso.hu\/index.php?rest_route=\/wp\/v2\/pages\/2400","targetHints":{"allow":["GET"]}}],"collection":[{"href":"https:\/\/mobilhazkereso.hu\/index.php?rest_route=\/wp\/v2\/pages"}],"about":[{"href":"https:\/\/mobilhazkereso.hu\/index.php?rest_route=\/wp\/v2\/types\/page"}],"author":[{"embeddable":true,"href":"https:\/\/mobilhazkereso.hu\/index.php?rest_route=\/wp\/v2\/users\/2"}],"replies":[{"embeddable":true,"href":"https:\/\/mobilhazkereso.hu\/index.php?rest_route=%2Fwp%2Fv2%2Fcomments&post=2400"}],"version-history":[{"count":37,"href":"https:\/\/mobilhazkereso.hu\/index.php?rest_route=\/wp\/v2\/pages\/2400\/revisions"}],"predecessor-version":[{"id":2476,"href":"https:\/\/mobilhazkereso.hu\/index.php?rest_route=\/wp\/v2\/pages\/2400\/revisions\/2476"}],"wp:attachment":[{"href":"https:\/\/mobilhazkereso.hu\/index.php?rest_route=%2Fwp%2Fv2%2Fmedia&parent=2400"}],"curies":[{"name":"wp","href":"https:\/\/api.w.org\/{rel}","templated":true}]}}