{"id":1992,"date":"2024-01-22T22:12:02","date_gmt":"2024-01-22T21:12:02","guid":{"rendered":"https:\/\/mobilhazkereso.hu\/?page_id=1992"},"modified":"2024-01-22T22:12:02","modified_gmt":"2024-01-22T21:12:02","slug":"a-mobilhazak-vilaga-elonyok-hatranyok-es-vasarlasi-tippek-1-resz","status":"publish","type":"page","link":"https:\/\/mobilhazkereso.hu\/?page_id=1992","title":{"rendered":"A Mobilh\u00e1zak vil\u00e1ga: el\u0151ny\u00f6k, h\u00e1tr\u00e1nyok \u00e9s v\u00e1s\u00e1rl\u00e1si tippek 1.r\u00e9sz"},"content":{"rendered":"\n<p>A mobilh\u00e1zak egyre n\u00e9pszer\u0171bb\u00e9 v\u00e1lnak azok k\u00f6r\u00e9ben, akik rugalmas \u00e9s k\u00f6nnyen sz\u00e1ll\u00edthat\u00f3, elhelyezhet\u0151 otthonra v\u00e1gynak. Ezek a kisebb \u00e9s nagyobb m\u00e9ret\u0171 h\u00e1zak kiv\u00e1l\u00f3 alternat\u00edv\u00e1t ny\u00fajtanak a hagyom\u00e1nyos lak\u00f3helyekhez k\u00e9pest, \u00e9s sz\u00e1mos el\u0151nyt k\u00edn\u00e1lnak. Mostani cikk sorozatunkban megvizsg\u00e1ljuk a mobilh\u00e1zakat, bele\u00e9rtve a hozz\u00e1juk kapcsolhat\u00f3 teraszokat is, tov\u00e1bb\u00e1 a haszn\u00e1lt, illetve az \u00faj mobilh\u00e1zak piac\u00e1t, az enged\u00e9lyeztet\u00e9s folyamat\u00e1t, az olcs\u00f3 lehet\u0151s\u00e9geket, az \u00e9rt\u00e9kes\u00edt\u00e9si trendeket, valamint ezek el\u0151nyeit \u00e9s h\u00e1tr\u00e1nyait.<\/p>\n\n\n\n<p><\/p>\n\n\n\n<h2 class=\"wp-block-heading\">Mobilh\u00e1zak \u00e9s mobilh\u00e1z teraszok<\/h2>\n\n\n\n<p>A mobilh\u00e1zak kialak\u00edt\u00e1sa sokf\u00e9le st\u00edlust \u00f6lel fel, bele\u00e9rtve azokat a v\u00e1ltozatokat is, amelyek rendelkeznek terasszal. A mobilh\u00e1z terasz kiv\u00e1l\u00f3 lehet\u0151s\u00e9get k\u00edn\u00e1l az otthoni \u00e9let kib\u0151v\u00edt\u00e9s\u00e9re, k\u00fcl\u00f6n\u00f6sen olyan ter\u00fcleteken, ahol a kert vagy a kil\u00e1t\u00e1s kihaszn\u00e1lhat\u00f3. A mobilh\u00e1zhoz kapcsolt terasz egyfajta \u201emeghosszabb\u00edt\u00e1sa\u201d a t\u00e9rnek. Nem besz\u00e9lve arr\u00f3l, hogy ak\u00e1rcsak ny\u00e1ron, \u00fagy t\u00e9len is kellemes kikapcsol\u00f3d\u00e1st biztos\u00edthat a benne \u00e9l\u0151knek.<\/p>\n\n\n\n<p>L\u00e9teznek olyan mobilh\u00e1z forgalmaz\u00f3k, akik kifejezetten k\u00e9sz megold\u00e1st k\u00edn\u00e1lnak a vev\u0151knek a mobilh\u00e1z + terasz kapcs\u00e1n. Ilyen c\u00e9g a <a href=\"https:\/\/mobilhazkereso.hu\/\" data-type=\"link\" data-id=\"https:\/\/mobilhazkereso.hu\/\" target=\"_blank\" rel=\"noreferrer noopener\">Mobilh\u00e1zkeres\u0151.hu<\/a> kiemelt partnere is, a <a href=\"https:\/\/www.topmobilhaz.hu\/\" data-type=\"link\" data-id=\"https:\/\/www.topmobilhaz.hu\/\" target=\"_blank\" rel=\"noreferrer noopener\">Top Mobilh\u00e1z Kft.<\/a><\/p>\n\n\n\n<p><\/p>\n\n\n\n<h2 class=\"wp-block-heading\">Elad\u00f3 \u00faj- \u00e9s haszn\u00e1lt mobilh\u00e1zak<\/h2>\n\n\n\n<p>Sz\u00e1mos v\u00e1s\u00e1rl\u00f3 keres haszn\u00e1lt mobilh\u00e1zakat, mivel ezek \u00e1ltal\u00e1ban k\u00f6lts\u00e9ghat\u00e9konyabbak lehetnek, mint az \u00fajak. Az elad\u00f3 mobilh\u00e1zak piac\u00e1nak sz\u00e9les sk\u00e1l\u00e1ja lehet\u0151v\u00e9 teszi a v\u00e1s\u00e1rl\u00f3k sz\u00e1m\u00e1ra, hogy megtal\u00e1lj\u00e1k az ig\u00e9nyeiknek \u00e9s k\u00f6lts\u00e9gvet\u00e9s\u00fcknek megfelel\u0151 lehet\u0151s\u00e9get.<\/p>\n\n\n\n<p>\u00daj- vagy haszn\u00e1lt mobilh\u00e1z eset\u00e9n is igaz az a meg\u00e1llap\u00edt\u00e1s, hogy csak megb\u00edzhat\u00f3, telephellyel rendelkez\u0151 forgalmaz\u00f3t\u00f3l v\u00e1s\u00e1roljunk. Az sem \u00e1rt, ha a c\u00e9g m\u00e1r r\u00e9gebb \u00f3ta jelen van a hazai piacon, ahogy a fent eml\u00edtett <a href=\"https:\/\/www.topmobilhaz.hu\/\" data-type=\"link\" data-id=\"https:\/\/www.topmobilhaz.hu\/\" target=\"_blank\" rel=\"noreferrer noopener\">Top Mobilh\u00e1z Kft<\/a>. is, akik t\u00f6bb magyarorsz\u00e1gi telephellyel is rendelkeznek.<\/p>\n\n\n\n<p>\u00daj- \u00e9s haszn\u00e1lt mobilh\u00e1zak kapcs\u00e1n egyar\u00e1nt fordulhatunk bizalommal hozz\u00e1juk.<\/p>\n\n\n\n<p><\/p>\n\n\n\n<h2 class=\"wp-block-heading\">Mobilh\u00e1z enged\u00e9ly<\/h2>\n\n\n\n<p>Miel\u0151tt mobilh\u00e1zat v\u00e1s\u00e1roln\u00e1nk, fontos meg\u00e9rteni az enged\u00e9lyeztet\u00e9s folyamat\u00e1t. A mobilh\u00e1z enged\u00e9ly megszerz\u00e9se elengedhetetlen l\u00e9p\u00e9s a telep\u00edt\u00e9s el\u0151tt, \u00e9s minden helyi el\u0151\u00edr\u00e1snak meg kell felelni.<\/p>\n\n\n\n<p>Fontos, hogy a v\u00e1s\u00e1rl\u00e1s el\u0151tt t\u00e1j\u00e9koz\u00f3djunk a helyi \u00f6nkorm\u00e1nyzatn\u00e1l, hivataln\u00e1l a mobilh\u00e1z enged\u00e9ly kapcs\u00e1n, illetve a mobilh\u00e1z forgalmaz\u00f3 szak\u00e9rt\u0151 koll\u00e9g\u00e1i is tudnak tan\u00e1csot adni az enged\u00e9lyekkel kapcsolatban. B\u00e1tran forduljunk hozz\u00e1juk a v\u00e1s\u00e1rl\u00e1s el\u0151tt!<\/p>\n\n\n\n<p><\/p>\n\n\n\n<h2 class=\"wp-block-heading\">Olcs\u00f3 mobilh\u00e1zak: \u00e1r \u00e9s min\u0151s\u00e9g<\/h2>\n\n\n\n<p>Az olcs\u00f3 mobilh\u00e1zak vonz\u00f3 lehet\u0151s\u00e9geket k\u00edn\u00e1lnak azoknak, akik takar\u00e9koskodni szeretn\u00e9nek, de fontos az is, hogy ne csak az \u00e1r alapj\u00e1n v\u00e1lasszunk. A min\u0151s\u00e9g \u00e9s a tart\u00f3ss\u00e1g szint\u00e9n meghat\u00e1roz\u00f3 t\u00e9nyez\u0151k, amelyeket figyelembe kell venni.<\/p>\n\n\n\n<p>Egy hagyom\u00e1nyos \u00e9p\u00edtkez\u00e9shez k\u00e9pest minden esetben olcs\u00f3bb megold\u00e1s egy mobilh\u00e1z beszerz\u00e9se. Ahogy a vil\u00e1gban b\u00e1rhol, n\u00e1lunk is vannak olcs\u00f3 mobilh\u00e1zak, \u00e9s dr\u00e1g\u00e1bbak egyar\u00e1nt.<\/p>\n\n\n\n<p>Minden esetben t\u00e1j\u00e9koz\u00f3djunk a forgalmaz\u00f3n\u00e1l, hogy az alacsonyabb \u00e1r\u00fa mobilh\u00e1z miben is t\u00e9r el a k\u00e9szleten szerepl\u0151 magasabb \u00e1r\u00fa mobilh\u00e1zt\u00f3l, mert sok esetben el\u0151fordulhat, hogy a dr\u00e1g\u00e1bb magasabb felszerelts\u00e9ggel, jobb szigeteles\u00e9ssel stb. rendelkezik, ez\u00e1ltal a v\u00e1s\u00e1rl\u00f3 felhaszn\u00e1l\u00e1si c\u00e9lj\u00e1nak megfelel\u0151en jobb v\u00e1laszt\u00e1s lehet.<\/p>\n\n\n\n<p><\/p>\n\n\n\n<h2 class=\"wp-block-heading\">Mobilh\u00e1z \u00e9rt\u00e9kes\u00edt\u00e9si trendek<\/h2>\n\n\n\n<p>A mobilh\u00e1zak \u00e9rt\u00e9kes\u00edt\u00e9si trendjei folyamatosan v\u00e1ltoznak, \u00e9ppen ez\u00e9rt a <a href=\"https:\/\/mobilhazkereso.hu\/\" data-type=\"link\" data-id=\"https:\/\/mobilhazkereso.hu\/\" target=\"_blank\" rel=\"noreferrer noopener\">Mobilh\u00e1zkeres\u0151.hu<\/a>, egy \u00fagynevezett \u201eonline sz\u0171r\u0151k\u00e9nt\u201d remek megold\u00e1st k\u00edn\u00e1l a keres\u0151 felhaszn\u00e1l\u00f3 r\u00e9sz\u00e9re. List\u00e1zzuk egy helyen a megb\u00edzhat\u00f3 c\u00e9gek weboldalait, mint pl. egyik kiemelt partner\u00fcnk\u00e9, a <a href=\"https:\/\/www.topmobilhaz.hu\/\" data-type=\"link\" data-id=\"https:\/\/www.topmobilhaz.hu\/\" target=\"_blank\" rel=\"noreferrer noopener\">www.topmobilhaz.hu<\/a>, akik kiv\u00e1l\u00f3 lehet\u0151s\u00e9get k\u00edn\u00e1lnak a v\u00e1s\u00e1rl\u00f3knak a haszn\u00e1lt, illetve az \u00faj mobilh\u00e1zak kapcs\u00e1n. A <a href=\"https:\/\/www.topmobilhaz.hu\/\" data-type=\"link\" data-id=\"https:\/\/www.topmobilhaz.hu\/\" target=\"_blank\" rel=\"noreferrer noopener\">Top Mobilh\u00e1z<\/a> online fel\u00fcletein sz\u00e1mos \u00faj- \u00e9s haszn\u00e1lt mobilh\u00e1z tal\u00e1lhat\u00f3, \u00e9s a k\u00edn\u00e1latuk gyakran, \u00e9s folyamatosan friss\u00fcl, r\u00e1ad\u00e1sul mindig van valami olyan akci\u00f3juk, melynek k\u00f6sz\u00f6nhet\u0151en kellemes meglepet\u00e9ssel szembes\u00fcl a n\u00e1luk kopogtat\u00f3 mobilh\u00e1z v\u00e1s\u00e1rl\u00f3.<\/p>\n\n\n\n<p><\/p>\n\n\n\n<h2 class=\"wp-block-heading\">Mobilh\u00e1zak el\u0151nyei \u00e9s h\u00e1tr\u00e1nyai<\/h2>\n\n\n\n<p>A mobilh\u00e1zak sz\u00e1mos el\u0151nnyel rendelkeznek, mint p\u00e9ld\u00e1ul a mobilit\u00e1s \u00e9s a k\u00f6lts\u00e9ghat\u00e9konys\u00e1g. Azonban fontos tudni az esetleges h\u00e1tr\u00e1nyaikat is, p\u00e9ld\u00e1ul a korl\u00e1tozott t\u00e9r, \u00e9s az esetleges jogi korl\u00e1toz\u00e1sok.<\/p>\n\n\n\n<p>A mobilh\u00e1zak vil\u00e1ga egyre modernebb, dinamikus \u00e9s v\u00e1ltozatos, \u00e9s a fent le\u00edrtak seg\u00edts\u00e9g\u00e9vel mindenki k\u00f6nnyen t\u00e1j\u00e9koz\u00f3dhat a v\u00e1s\u00e1rl\u00e1s el\u0151tt. Lehet, hogy \u00d6nnek a <a href=\"https:\/\/mobilhazkereso.hu\/\" data-type=\"link\" data-id=\"https:\/\/mobilhazkereso.hu\/\">Mobilh\u00e1zkeres\u0151.hu<\/a> kiemelt partnere, a <a href=\"https:\/\/www.topmobilhaz.hu\/\" data-type=\"link\" data-id=\"https:\/\/www.topmobilhaz.hu\/\" target=\"_blank\" rel=\"noreferrer noopener\">Topmobilhaz.hu<\/a> lehet az ide\u00e1lis kiindul\u00e1si pont a megfelel\u0151 mobilh\u00e1z megtal\u00e1l\u00e1s\u00e1hoz!<\/p>\n\n\n\n<p>Cikksorozatunk folytat\u00f3dik!<\/p>\n\n\n\n<p><\/p>\n\n\n\n<p>2024.01.22.<\/p>\n\n\n\n<p><em>A fenti cikk a Mobilh\u00e1zkeres\u0151.hu tulajdona.<\/em><\/p>\n\n\n\n<p><em>A Mobilh\u00e1zkeres\u0151.hu enged\u00e9lyt ad a szabad felhaszn\u00e1l\u00e1s\u00e1ra, de felt\u00e9tlen sz\u00fcks\u00e9ges az eredeti forr\u00e1s megjel\u00f6l\u00e9se, mely tartalmazza a Mobilh\u00e1zkeres\u0151.hu nev\u00e9t \u00e9s az eredeti cikkre mutat\u00f3 linket.<\/em><\/p>\n","protected":false},"excerpt":{"rendered":"<p>A mobilh\u00e1zak egyre n\u00e9pszer\u0171bb\u00e9 v\u00e1lnak azok k\u00f6r\u00e9ben, akik rugalmas \u00e9s k\u00f6nnyen sz\u00e1ll\u00edthat\u00f3, elhelyezhet\u0151 otthonra v\u00e1gynak. Ezek a kisebb \u00e9s nagyobb m\u00e9ret\u0171 h\u00e1zak kiv\u00e1l\u00f3 alternat\u00edv\u00e1t ny\u00fajtanak a hagyom\u00e1nyos lak\u00f3helyekhez k\u00e9pest, \u00e9s sz\u00e1mos el\u0151nyt k\u00edn\u00e1lnak. Mostani cikk sorozatunkban megvizsg\u00e1ljuk a mobilh\u00e1zakat, bele\u00e9rtve a hozz\u00e1juk kapcsolhat\u00f3 teraszokat is, tov\u00e1bb\u00e1 a haszn\u00e1lt, illetve az \u00faj mobilh\u00e1zak piac\u00e1t, az enged\u00e9lyeztet\u00e9s&#8230;<\/p>\n","protected":false},"author":2,"featured_media":0,"parent":0,"menu_order":0,"comment_status":"closed","ping_status":"closed","template":"","meta":{"_monsterinsights_skip_tracking":false,"_monsterinsights_sitenote_active":false,"_monsterinsights_sitenote_note":"","_monsterinsights_sitenote_category":0,"ngg_post_thumbnail":0,"footnotes":""},"class_list":["post-1992","page","type-page","status-publish","hentry"],"_links":{"self":[{"href":"https:\/\/mobilhazkereso.hu\/index.php?rest_route=\/wp\/v2\/pages\/1992","targetHints":{"allow":["GET"]}}],"collection":[{"href":"https:\/\/mobilhazkereso.hu\/index.php?rest_route=\/wp\/v2\/pages"}],"about":[{"href":"https:\/\/mobilhazkereso.hu\/index.php?rest_route=\/wp\/v2\/types\/page"}],"author":[{"embeddable":true,"href":"https:\/\/mobilhazkereso.hu\/index.php?rest_route=\/wp\/v2\/users\/2"}],"replies":[{"embeddable":true,"href":"https:\/\/mobilhazkereso.hu\/index.php?rest_route=%2Fwp%2Fv2%2Fcomments&post=1992"}],"version-history":[{"count":1,"href":"https:\/\/mobilhazkereso.hu\/index.php?rest_route=\/wp\/v2\/pages\/1992\/revisions"}],"predecessor-version":[{"id":1993,"href":"https:\/\/mobilhazkereso.hu\/index.php?rest_route=\/wp\/v2\/pages\/1992\/revisions\/1993"}],"wp:attachment":[{"href":"https:\/\/mobilhazkereso.hu\/index.php?rest_route=%2Fwp%2Fv2%2Fmedia&parent=1992"}],"curies":[{"name":"wp","href":"https:\/\/api.w.org\/{rel}","templated":true}]}}