    {"id":175,"date":"2023-03-01T20:22:35","date_gmt":"2023-03-01T19:22:35","guid":{"rendered":"https:\/\/mobilhazkereso.hu\/?page_id=175"},"modified":"2024-10-23T12:14:17","modified_gmt":"2024-10-23T10:14:17","slug":"ronkhazak-fahazak","status":"publish","type":"page","link":"https:\/\/mobilhazkereso.hu\/?page_id=175","title":{"rendered":"Fah\u00e1z, Gerendah\u00e1z \u00e9s R\u00f6nkh\u00e1z"},"content":{"rendered":"\n<div style=\"height:50px\" aria-hidden=\"true\" class=\"wp-block-spacer\"><\/div>\n\n\n\n<p class=\"has-medium-font-size\"><\/p>\n\n\n\n<p class=\"has-medium-font-size\"><strong>F\u00e9BaLemez Kft.<\/strong> <\/p>\n\n\n\n<figure class=\"wp-block-image size-large is-resized\"><img loading=\"lazy\" decoding=\"async\" width=\"1024\" height=\"320\" src=\"https:\/\/mobilhazkereso.hu\/wp-content\/uploads\/2023\/11\/mobilhazkereso_banner-1024x320.jpeg\" alt=\"\" class=\"wp-image-1632\" style=\"width:210px\" srcset=\"https:\/\/mobilhazkereso.hu\/wp-content\/uploads\/2023\/11\/mobilhazkereso_banner-1024x320.jpeg 1024w, https:\/\/mobilhazkereso.hu\/wp-content\/uploads\/2023\/11\/mobilhazkereso_banner-300x94.jpeg 300w, https:\/\/mobilhazkereso.hu\/wp-content\/uploads\/2023\/11\/mobilhazkereso_banner-768x240.jpeg 768w, https:\/\/mobilhazkereso.hu\/wp-content\/uploads\/2023\/11\/mobilhazkereso_banner-1536x480.jpeg 1536w, https:\/\/mobilhazkereso.hu\/wp-content\/uploads\/2023\/11\/mobilhazkereso_banner.jpeg 1920w\" sizes=\"auto, (max-width: 1024px) 100vw, 1024px\" \/><\/figure>\n\n\n\n<p>\u00daj term\u00e9k\u00fcnk, ami nem m\u00e1s mint egy daruzhat\u00f3 fah\u00e1zik\u00f3, amely t\u00e1rol\u00f3nak, weekendh\u00e1znak, ny\u00e1ri konyh\u00e1nak vagy ak\u00e1r munk\u00e1ssz\u00e1ll\u00f3nak, ny\u00e1ri t\u00e1borba sz\u00e1ll\u00e1snak is alkalmas. <a href=\"https:\/\/mobilhazkereso.hu\/?page_id=679\" data-type=\"link\" data-id=\"https:\/\/mobilhazkereso.hu\/?page_id=679\">\u00c9rdekel, tov\u00e1bb olvasom&#8230;<\/a><\/p>\n\n\n\n<div style=\"height:20px\" aria-hidden=\"true\" class=\"wp-block-spacer\"><\/div>\n\n\n\nngg_shortcode_0_placeholder\n\n\n\n<div style=\"height:50px\" aria-hidden=\"true\" class=\"wp-block-spacer\"><\/div>\n\n\n\n<p><\/p>\n\n\n\n<p>Ha itt nem tal\u00e1ltad meg amit kerest\u00e9l csatlakozz Facebook csoportjainkhoz, ahol t\u00f6bb, mint 50.000 tagot \u00e9rhetsz el! K\u00f6zt\u00fck mobilh\u00e1z forgalmaz\u00f3kat, k\u00f6nny\u0171szerkezetes h\u00e1z, vagy SIP h\u00e1z \u00e9p\u00edt\u0151ket, r\u00f6nk- vagy fah\u00e1z \u00e9p\u00edt\u0151ket, valamint kont\u00e9nerh\u00e1z forgalmaz\u00f3kat, \u00e9s a t\u00e9ma szak\u00e9rt\u0151it.<\/p>\n\n\n\n<div id=\"slider_6a05f96c73f92\" class=\"slider_instance\" style=\"position: relative;\" data-options=\"{&quot;id&quot;:3,&quot;name&quot;:&quot;slider 3&quot;,&quot;instanceName&quot;:&quot;slider 3&quot;,&quot;date&quot;:&quot;2023-03-01 23:08:44&quot;,&quot;status&quot;:&quot;published&quot;,&quot;layerWidth&quot;:&quot;100%&quot;,&quot;layerHeight&quot;:&quot;100%&quot;,&quot;shadow&quot;:&quot;off&quot;,&quot;lightboxMode&quot;:[],&quot;lightboxModeMobile&quot;:[],&quot;lightboxModeTablet&quot;:[],&quot;mode&quot;:&quot;webgl&quot;,&quot;initialSlide&quot;:&quot;0&quot;,&quot;grabCursor&quot;:true,&quot;stopOnLastSlide&quot;:false,&quot;showSlidesRandomOrder&quot;:false,&quot;preloadFirstSlide&quot;:false,&quot;width&quot;:&quot;1000&quot;,&quot;height&quot;:&quot;550&quot;,&quot;responsive&quot;:true,&quot;ratio&quot;:&quot;2&quot;,&quot;forceResponsive&quot;:false,&quot;fullscreen&quot;:false,&quot;layerStarOnTransitionStart&quot;:false,&quot;autoplay&quot;:{&quot;enable&quot;:false,&quot;delay&quot;:3000,&quot;progress&quot;:false,&quot;pauseOnHover&quot;:false,&quot;reverseDirection&quot;:false},&quot;buttons&quot;:{&quot;pauseVisible&quot;:false,&quot;muteVisible&quot;:false},&quot;resetVideos&quot;:false,&quot;videoAutoplay&quot;:true,&quot;navigation&quot;:{&quot;enable&quot;:true,&quot;style&quot;:&quot;effect4&quot;},&quot;keyboard&quot;:{&quot;enable&quot;:true},&quot;wheelNavigation&quot;:{&quot;enable&quot;:false,&quot;stopOnLast&quot;:false,&quot;interval&quot;:2000},&quot;pagination&quot;:{&quot;enable&quot;:true,&quot;style&quot;:&quot;effect2&quot;,&quot;clickable&quot;:true,&quot;dynamicBullets&quot;:false},&quot;thumbs&quot;:{&quot;enable&quot;:false,&quot;position&quot;:&quot;bottom&quot;,&quot;thumbWidth&quot;:&quot;100&quot;,&quot;thumbHeight&quot;:&quot;60&quot;,&quot;spaceAround&quot;:&quot;3&quot;,&quot;spaceBetween&quot;:&quot;3&quot;,&quot;outsideSlider&quot;:true,&quot;centered&quot;:true},&quot;hashNavigation&quot;:{&quot;enable&quot;:false},&quot;loading&quot;:{&quot;fadeEffect&quot;:true,&quot;backgroundColor&quot;:&quot;#FFFFFF&quot;,&quot;color&quot;:&quot;#262626&quot;,&quot;style&quot;:&quot;style2&quot;},&quot;lightbox&quot;:{&quot;backgroundColor&quot;:&quot;#000000F2&quot;,&quot;closeColor&quot;:&quot;#FFFFFF&quot;},&quot;slides&quot;:[{&quot;src&quot;:&quot;https:\\\/\\\/mobilhazkereso.hu\\\/wp-content\\\/uploads\\\/2023\\\/03\\\/1E6DDD04-CB8D-4369-B97F-21B62A8BE71F.jpeg&quot;,&quot;thumbSrc&quot;:&quot;https:\\\/\\\/mobilhazkereso.hu\\\/wp-content\\\/uploads\\\/2023\\\/03\\\/1E6DDD04-CB8D-4369-B97F-21B62A8BE71F-200x300.jpeg&quot;,&quot;transitionEffect&quot;:&quot;slide&quot;,&quot;direction&quot;:&quot;left&quot;,&quot;elements&quot;:[{&quot;type&quot;:&quot;heading&quot;,&quot;mode&quot;:&quot;content&quot;,&quot;content&quot;:&quot;Ez itt az \\u00f6n hirdet\\u00e9s\\u00e9nek a helye!&quot;,&quot;htmlTag&quot;:&quot;h6&quot;,&quot;fontSize&quot;:&quot;28px&quot;,&quot;fontFamily&quot;:&quot;Kanit&quot;,&quot;fontWeight&quot;:&quot;400&quot;,&quot;textColor&quot;:&quot;#FFFFFF&quot;,&quot;backgroundColor&quot;:&quot;#0000008F&quot;,&quot;borderRadius&quot;:&quot;0&quot;,&quot;position&quot;:{&quot;x&quot;:&quot;center&quot;,&quot;y&quot;:&quot;center&quot;,&quot;offsetX&quot;:0,&quot;offsetY&quot;:0},&quot;typingAnimation&quot;:{&quot;speed&quot;:50,&quot;loop&quot;:false,&quot;loopDelay&quot;:750,&quot;cursor&quot;:true,&quot;startDelay&quot;:0,&quot;freezeAt&quot;:0,&quot;unfreezeAfter&quot;:0},&quot;startAnimation&quot;:{&quot;animation&quot;:&quot;fadeInUp&quot;,&quot;speed&quot;:500,&quot;delay&quot;:0},&quot;endAnimation&quot;:{&quot;animation&quot;:&quot;fadeOutUp&quot;,&quot;speed&quot;:500,&quot;delay&quot;:0},&quot;contentAnimationType&quot;:&quot;animating&quot;,&quot;color&quot;:&quot;#FFFFFF&quot;,&quot;lineHeight&quot;:&quot;38px&quot;},{&quot;type&quot;:&quot;button&quot;,&quot;content&quot;:&quot;\\u00c9rdekel&quot;,&quot;fontSize&quot;:&quot;16px&quot;,&quot;fontFamily&quot;:&quot;Inter&quot;,&quot;fontWeight&quot;:&quot;700&quot;,&quot;textColor&quot;:&quot;#FFFFFF&quot;,&quot;borderRadius&quot;:&quot;36px&quot;,&quot;position&quot;:{&quot;x&quot;:&quot;center&quot;,&quot;y&quot;:&quot;center&quot;,&quot;offsetX&quot;:0,&quot;offsetY&quot;:0},&quot;startAnimation&quot;:{&quot;animation&quot;:&quot;fadeInUp&quot;,&quot;speed&quot;:1200,&quot;delay&quot;:600},&quot;endAnimation&quot;:{&quot;animation&quot;:&quot;fadeOut&quot;,&quot;speed&quot;:1000},&quot;paddingTop&quot;:&quot;12px&quot;,&quot;paddingLeft&quot;:&quot;35px&quot;,&quot;paddingRight&quot;:&quot;35px&quot;,&quot;paddingBottom&quot;:&quot;12px&quot;,&quot;borderWidth&quot;:&quot;2&quot;,&quot;borderStyle&quot;:&quot;solid&quot;,&quot;hover&quot;:{&quot;textColor&quot;:&quot;#0D0D12&quot;,&quot;backgroundColor&quot;:&quot;#FFFFFF&quot;,&quot;borderColor&quot;:&quot;#FFFFFF&quot;,&quot;color&quot;:&quot;#0D0D12&quot;},&quot;mode&quot;:&quot;content&quot;,&quot;customCSS&quot;:&quot;-webkit-transition: all .3s ease-in-out;\\n-moz-transition: all .3s ease-in-out;\\n-ms-transition: all .3s ease-in-out;\\n-o-transition: all .3s ease-in-out;\\ntransition: all .3s ease-in-out;\\nletter-spacing: .04em;\\n\\n\\n&quot;,&quot;textAlign&quot;:&quot;center&quot;,&quot;lineHeight&quot;:&quot;25px&quot;,&quot;display&quot;:&quot;inline-block&quot;,&quot;borderColor&quot;:&quot;#FFFFFF&quot;,&quot;color&quot;:&quot;#FFFFFF&quot;,&quot;backgroundColor&quot;:&quot;#0000008F&quot;,&quot;contentAnimationType&quot;:&quot;animating&quot;,&quot;letterSpacing&quot;:&quot;0&quot;,&quot;textShadow&quot;:&quot;none&quot;,&quot;url&quot;:&quot;https:\\\/\\\/mobilhazkereso.hu\\\/?page_id=97&quot;,&quot;marginTop&quot;:&quot;10px&quot;}]}],&quot;rootFolder&quot;:&quot;https:\\\/\\\/mobilhazkereso.hu\\\/wp-content\\\/plugins\\\/transition-slider-lite\\\/&quot;}\"><\/div>\n\n\n\n<div style=\"height:39px\" aria-hidden=\"true\" class=\"wp-block-spacer\"><\/div>\n\n\n\n<p><\/p>\n\n\n\n<p>Facebook csoportjaink:<\/p>\n\n\n\n<p><a href=\"https:\/\/www.facebook.com\/groups\/333982948335841\/\" data-type=\"URL\" data-id=\"https:\/\/www.facebook.com\/groups\/333982948335841\/\">Mobilh\u00e1zak, kont\u00e9nerh\u00e1zak \u00e9s k\u00f6nny\u0171 ac\u00e9lszerkezet\u0171 h\u00e1zak csoportja&nbsp;<\/a><\/p>\n\n\n\n<p><a href=\"https:\/\/www.facebook.com\/groups\/1306612949878280\/\" data-type=\"URL\" data-id=\"https:\/\/www.facebook.com\/groups\/1306612949878280\/\">Mobilh\u00e1zak, k\u00f6nny\u0171szerkezetes h\u00e1zak&nbsp;<\/a><\/p>\n\n\n\n<p><a href=\"https:\/\/www.facebook.com\/groups\/1172093236998490\/\" data-type=\"URL\" data-id=\"https:\/\/www.facebook.com\/groups\/1172093236998490\/\">Mobilh\u00e1zak orsz\u00e1gos<\/a><\/p>\n\n\n\n<p><a href=\"https:\/\/www.facebook.com\/groups\/702719414276916\/\" data-type=\"URL\" data-id=\"https:\/\/www.facebook.com\/groups\/702719414276916\/\">Minden ami mobilh\u00e1z<\/a><\/p>\n\n\n\n<p><a href=\"https:\/\/www.facebook.com\/groups\/1148159652518327\" data-type=\"URL\" data-id=\"https:\/\/www.facebook.com\/groups\/1148159652518327\">Mobilh\u00e1z, Kont\u00e9nerh\u00e1z, K\u00f6nny\u0171szerkezetes h\u00e1z, R\u00f6nk h\u00e1z, fah\u00e1z &#8211; adok-veszek<\/a><\/p>\n\n\n\n<p><a href=\"https:\/\/www.facebook.com\/groups\/1863732243998896\/\" data-type=\"URL\" data-id=\"https:\/\/www.facebook.com\/groups\/1863732243998896\/\">Mobilh\u00e1zak, k\u00f6nny\u0171szerkezetes h\u00e1zak, r\u00f6nk h\u00e1zak<\/a><\/p>\n\n\n\n<p><\/p>\n","protected":false},"excerpt":{"rendered":"<p>F\u00e9BaLemez Kft. \u00daj term\u00e9k\u00fcnk, ami nem m\u00e1s mint egy daruzhat\u00f3 fah\u00e1zik\u00f3, amely t\u00e1rol\u00f3nak, weekendh\u00e1znak, ny\u00e1ri konyh\u00e1nak vagy ak\u00e1r munk\u00e1ssz\u00e1ll\u00f3nak, ny\u00e1ri t\u00e1borba sz\u00e1ll\u00e1snak is alkalmas. \u00c9rdekel, tov\u00e1bb olvasom&#8230; Ha itt nem tal\u00e1ltad meg amit kerest\u00e9l csatlakozz Facebook csoportjainkhoz, ahol t\u00f6bb, mint 50.000 tagot \u00e9rhetsz el! K\u00f6zt\u00fck mobilh\u00e1z forgalmaz\u00f3kat, k\u00f6nny\u0171szerkezetes h\u00e1z, vagy SIP h\u00e1z \u00e9p\u00edt\u0151ket, r\u00f6nk- vagy&#8230;<\/p>\n","protected":false},"author":2,"featured_media":0,"parent":0,"menu_order":0,"comment_status":"closed","ping_status":"closed","template":"","meta":{"_monsterinsights_skip_tracking":false,"_monsterinsights_sitenote_active":false,"_monsterinsights_sitenote_note":"","_monsterinsights_sitenote_category":0,"ngg_post_thumbnail":0,"footnotes":""},"class_list":["post-175","page","type-page","status-publish","hentry"],"_links":{"self":[{"href":"https:\/\/mobilhazkereso.hu\/index.php?rest_route=\/wp\/v2\/pages\/175","targetHints":{"allow":["GET"]}}],"collection":[{"href":"https:\/\/mobilhazkereso.hu\/index.php?rest_route=\/wp\/v2\/pages"}],"about":[{"href":"https:\/\/mobilhazkereso.hu\/index.php?rest_route=\/wp\/v2\/types\/page"}],"author":[{"embeddable":true,"href":"https:\/\/mobilhazkereso.hu\/index.php?rest_route=\/wp\/v2\/users\/2"}],"replies":[{"embeddable":true,"href":"https:\/\/mobilhazkereso.hu\/index.php?rest_route=%2Fwp%2Fv2%2Fcomments&post=175"}],"version-history":[{"count":26,"href":"https:\/\/mobilhazkereso.hu\/index.php?rest_route=\/wp\/v2\/pages\/175\/revisions"}],"predecessor-version":[{"id":2681,"href":"https:\/\/mobilhazkereso.hu\/index.php?rest_route=\/wp\/v2\/pages\/175\/revisions\/2681"}],"wp:attachment":[{"href":"https:\/\/mobilhazkereso.hu\/index.php?rest_route=%2Fwp%2Fv2%2Fmedia&parent=175"}],"curies":[{"name":"wp","href":"https:\/\/api.w.org\/{rel}","templated":true}]}}