{"id":1561,"date":"2023-11-09T14:45:40","date_gmt":"2023-11-09T13:45:40","guid":{"rendered":"https:\/\/mobilhazkereso.hu\/?page_id=1561"},"modified":"2023-11-09T14:45:40","modified_gmt":"2023-11-09T13:45:40","slug":"miert-valasszuk-a-talajcsavart","status":"publish","type":"page","link":"https:\/\/mobilhazkereso.hu\/?page_id=1561","title":{"rendered":"Mi\u00e9rt v\u00e1lasszuk a talajcsavart?"},"content":{"rendered":"\n<p>Partner\u00fcnket, a <strong>cseh-d\u00e1n BAYO.S SE gy\u00e1rt\u00f3 v\u00e1llalat kiz\u00e1r\u00f3lagos magyarorsz\u00e1gi k\u00e9pvisel\u0151j\u00e9t a <a href=\"https:\/\/www.bayos.hu\/\" data-type=\"link\" data-id=\"https:\/\/www.bayos.hu\/\" target=\"_blank\" rel=\"noreferrer noopener\">BAYO.S Magyarorsz\u00e1got<\/a>\u00a0<\/strong>k\u00e9rdezt\u00fck a t\u00e9m\u00e1ban.<\/p>\n\n\n\n<p>A BAYO.S Magyarorsz\u00e1g igaz\u00e1n szakavatott a talajcsavarok ter\u00e9n, hiszen Eur\u00f3p\u00e1ban gy\u00e1rtott, I. oszt\u00e1ly\u00fa min\u0151s\u00e9g\u0171 talajcsavarok kis- \u00e9s nagykereskedelm\u00e9vel, talajcsavaros alapok tervez\u00e9s\u00e9vel \u00e9s kivitelez\u00e9s\u00e9vel foglalkozik. Teh\u00e1t ha valaki, akkor \u0151k igaz\u00e1n tudj\u00e1k, hogy mi\u00e9rt v\u00e1lasszuk a talajcsavart.<\/p>\n\n\n\n<p><strong>Mobilh\u00e1zkeres\u0151.hu.:<\/strong><\/p>\n\n\n\n<p>&#8211; De mi\u00e9rt is van sz\u00fcks\u00e9g\u00fcnk a talajcsavarra? Hiszen ha alapr\u00f3l van sz\u00f3, azonnal mindenki a betonoz\u00e1sra gondol.<\/p>\n\n\n\n<p><strong>BAYO.S Magyarorsz\u00e1g.:<\/strong><\/p>\n\n\n\n<p>&#8211; Ez \u00edgy van, Magyarorsz\u00e1gon m\u00e9g a betonban hisz mindenki, a talajcsavaroz\u00e1s gyerekcip\u0151ben j\u00e1r. Azonban a t\u00e9vhitekkel ellent\u00e9tben <strong>a talajcsavar t\u00f6k\u00e9letes alternat\u00edva a&nbsp;<\/strong><strong>betonos alapok kiv\u00e1lt\u00e1s\u00e1ra<\/strong> a k\u00f6nny\u0171szerkezetes \u00e9p\u00edt\u00e9si m\u00f3dok eset\u00e9ben. Azon t\u00fal, hogy k\u00f6rnyezettudatos alapoz\u00e1si megold\u00e1st ny\u00fajtanak, sz\u00e1mos tov\u00e1bbi el\u0151nnyel rendelkeznek.<\/p>\n\n\n\n<p><strong>Mobilh\u00e1zkeres\u0151.hu:<\/strong><\/p>\n\n\n\n<p>&#8211; Eg\u00e9sz pontosan mik ezek az el\u0151ny\u00f6k?<\/p>\n\n\n\n<p><strong>BAYO.S Magyarorsz\u00e1g:<\/strong><\/p>\n\n\n\n<p>&#8211; T\u00f6bbek k\u00f6z\u00f6tt a talajcsavarok alkalmaz\u00e1s\u00e1val&nbsp;<strong>elker\u00fclhet\u0151 a betonoz\u00e1ssal j\u00e1r\u00f3 felfordul\u00e1s<\/strong>, az \u00e9p\u00edt\u00e9si ter\u00fclet sz\u00fcks\u00e9gtelen felforgat\u00e1sa. Nincs \u00e1s\u00e1s, nincs sz\u00fcks\u00e9gtelen f\u00f6ldmunka, amit ut\u00e1na k\u00f6lts\u00e9ges rekultiv\u00e1ci\u00f3, parkos\u00edt\u00e1s k\u00f6vet.<\/p>\n\n\n\n<p>&#8211; A betonoz\u00e1ssal ellent\u00e9tben a&nbsp;<strong>k\u00f6lts\u00e9gek pontosan tervezhet\u0151k<\/strong>, nincsenek rejtett k\u00f6lts\u00e9gek \u00e9s nem keletkezik \u00e9p\u00edt\u00e9si hullad\u00e9k sem.<\/p>\n\n\n\n<p>&#8211; De tal\u00e1n a legfontosabb el\u0151nye az, hogy a talajcsavarok seg\u00edts\u00e9g\u00e9vel&nbsp;<strong>az \u00e9p\u00edtm\u00e9ny alapja ak\u00e1r n\u00e9h\u00e1ny \u00f3r\u00e1n bel\u00fcl elk\u00e9sz\u00edthet\u0151 \u00e9s azonnal terhelhet\u0151<\/strong>, nincs hetekig tart\u00f3 k\u00f6t\u00e9si id\u0151, \u00edgy jelent\u0151sen felgyors\u00edtja a munk\u00e1latokat. R\u00e1ad\u00e1sul sz\u00e1raz\u00e9p\u00edt\u00e9s l\u00e9v\u00e9n a talajcsavarok a t\u00e9li id\u0151szakban, fagyban, csapad\u00e9kos id\u0151ben is alkalmazhat\u00f3k.<\/p>\n\n\n\n<p><strong>Mobilh\u00e1zkeres\u0151.hu:<\/strong><\/p>\n\n\n\n<p>&#8211; Sok helyen egyenetlen a terep. A talajcsavarokkal lehets\u00e9ges&nbsp;\u00e9p\u00edteni ilyen terepen is?<\/p>\n\n\n\n<p><strong>BAYO.S Magyarorsz\u00e1g:<\/strong><\/p>\n\n\n\n<p>&#8211; Igen, lehets\u00e9ges. A szintk\u00fcl\u00f6nbs\u00e9gek \u00e1thidal\u00e1s k\u00f6nnyed\u00e9n megoldhat\u00f3 a r\u00f6videbb, hosszabb talajcsavarok seg\u00edts\u00e9g\u00e9vel, r\u00e1ad\u00e1sul a BAYO.S rendelkezik toldhat\u00f3 sz\u00e9ri\u00e1val, amellyel ak\u00e1r t\u00f6bb m\u00e9teres talajcsavarok is alkalmazhat\u00f3k. Ak\u00e1r, mert m\u00e9lyre kell csavarozni, ak\u00e1r, ha nagyobb szintelt\u00e9r\u00e9st kell \u00e1thidalni, a talajcsavarjaink megold\u00e1st ny\u00fajtanak ezekre a helyzetekre is.<\/p>\n\n\n\n<p><strong>Mobilh\u00e1zkeres\u0151.hu:<\/strong><\/p>\n\n\n\n<p><strong>&#8211;&nbsp;<\/strong>Joggal mer\u00fcl fel a k\u00e9rd\u00e9s azokban, akik talajcsavart v\u00e1s\u00e1roln\u00e1nak, hogy mekkora egy ilyen talajcsavar&nbsp;teherb\u00edr\u00e1sa?<\/p>\n\n\n\n<p><strong>BAYO.S Magyarorsz\u00e1g:<\/strong><\/p>\n\n\n\n<p><strong>&#8211;&nbsp;<\/strong>A teherb\u00edr\u00e1s els\u0151sorban a talaj jelleg\u00e9t\u0151l, valamint a talajcsavar t\u00edpus\u00e1t\u00f3l, hossz\u00e1t\u00f3l is f\u00fcgg. Egy profi sz\u00e9ri\u00e1ba tartoz\u00f3 talajcsavar teherb\u00edr\u00e1sa ak\u00e1r a 6-7 tonn\u00e1t is meghaladhatja csavaronk\u00e9nt, azonban minden esetben teherb\u00edr\u00e1si vizsg\u00e1lat \u00e9s szakszer\u0171 tervez\u00e9s el\u0151zi meg egy h\u00e1z alapoz\u00e1s\u00e1t.<\/p>\n\n\n\n<p><strong>Mobilh\u00e1zkeres\u0151.hu:<\/strong><\/p>\n\n\n\n<p><strong>&#8211;\u00a0<\/strong>Ez nagyon komoly teherb\u00edr\u00e1s! Hogyan maradnak a talajcsavarok a f\u00f6ldben?<\/p>\n\n\n\n<p><strong>BAYO.S Magyarorsz\u00e1g:<\/strong><\/p>\n\n\n\n<p>&#8211; A talajcsavar a behajt\u00e1sa sor\u00e1n a k\u00f6r\u00fcl\u00f6tte l\u00e9v\u0151 f\u00f6ldet t\u00f6m\u00f6r\u00edti, \u00e9s az \u00fagynevezett k\u00f6penysurl\u00f3d\u00e1s eredm\u00e9nyezi a teherb\u00edr\u00e1st. Elv\u00e9t tekintve ugyan\u00fagy m\u0171k\u00f6dik, mint b\u00e1rmely egy\u00e9b c\u00f6l\u00f6palap, annyi, hogy a menetek ezt az eredm\u00e9nyt csak fokozz\u00e1k.<\/p>\n\n\n\n<p>&#8211; A BAYO.S term\u00e9kei k\u00f6z\u00f6tt a hagyom\u00e1nyos talajcsavarokon t\u00fal megtal\u00e1lhat\u00f3ak speci\u00e1lis talajcsavarok is, amelyek kifejezetten laza szerkezet\u0171, roskad\u00e1sra hajlamos talajra k\u00e9sz\u00fcltek. Ezeket az \u00fagynevezett HELIX talajcsavarokat a D\u00e1nok fejlesztett\u00e9k, tekintettel arra, hogy n\u00e1luk kifejezetten jellemz\u0151 a fut\u00f3homok szer\u0171, vizes talajszerkezet.<\/p>\n\n\n\n<p><strong>Mobilh\u00e1zkeres\u0151.hu:<\/strong><\/p>\n\n\n\n<p><strong>&#8211;&nbsp;<\/strong>Mi a helyzet a szikl\u00e1s talajjal? Ott is lehet v\u00e9gezni talajcsavaroz\u00e1st?<\/p>\n\n\n\n<p><strong>BAYO.S Magyarorsz\u00e1g:<\/strong><\/p>\n\n\n\n<p>&#8211; Igen lehet, s\u0151t, kijelenthetj\u00fck, hogy egyszer\u0171bb \u00e9s olcs\u00f3bb is, mintha ilyen ter\u00fcleten betonozn\u00e1nak.<\/p>\n\n\n\n<p>&#8211; <strong>Szikl\u00e1s ter\u00fcleten azonban egy tov\u00e1bbi munkafolyamat el\u0151zi meg a talajcsavaroz\u00e1st<\/strong>, ez pedig a sziklaf\u00far\u00e1s, amelyhez speci\u00e1lis g\u00e9p, f\u00far\u00f3fej \u00e9s kompresszor sz\u00fcks\u00e9ges, de a talajcsavar lehajt\u00e1sa is a hagyom\u00e1nyost\u00f3l elt\u00e9r\u0151en t\u00f6rt\u00e9nik. L\u00e1ttunk m\u00e1r olyan megold\u00e1st, hogy a talajcsavart hagyom\u00e1nyos m\u00f3don addig hajtott\u00e1k, am\u00edg szikl\u00e1t nem \u00e9rt, majd a felesleges ki\u00e1ll\u00f3 r\u00e9szt lev\u00e1gt\u00e1k \u00e9s egy talajcsavar fejet tettek a tetej\u00e9re. Ezt szakmailag kifejezetten agg\u00e1lyosnak tartjuk \u00e9s nem javasoljuk senkinek, hogy ezzel a m\u00f3dszerrel oldja meg az alapoz\u00e1st, mert s\u00falyos k\u00f6vetkezm\u00e9nyei lehetnek a k\u00e9s\u0151bbiekben.<\/p>\n\n\n\n<p><strong>Mobilh\u00e1zkeres\u0151.hu:<\/strong><\/p>\n\n\n\n<p><strong>&#8211;&nbsp;<\/strong>Az elhangzottak alapj\u00e1n nem vit\u00e1s, a talajcsavar val\u00f3ban megk\u00f6nny\u00edti az \u00e9p\u00edtkez\u00e9s folyamat\u00e1t. De vajon a v\u00e1s\u00e1rl\u00f3 egymaga is le tudja hajtani a talajcsavarokat?<\/p>\n\n\n\n<p><strong>BAYO.S Magyarorsz\u00e1g:<\/strong><\/p>\n\n\n\n<p><strong>&#8211;\u00a0<\/strong>Igen, a HOBBY sz\u00e9ri\u00e1ba tartoz\u00f3 talajcsavarok eset\u00e9ben k\u00e9zi behajt\u00f3 eszk\u00f6z\u00f6kkel egyed\u00fcl is elv\u00e9gezheti b\u00e1rki a talajcsavarok lehajt\u00e1s\u00e1t. Profi talajcsavarok eset\u00e9ben azonban g\u00e9pi er\u0151 sz\u00fcks\u00e9ges \u00e9s egy szakember g\u00e1rda, aki j\u00e1rtas a talajcsavarok megfelel\u0151 telep\u00edt\u00e9s\u00e9ben.<\/p>\n\n\n\n<p><strong>Mobilh\u00e1zkeres\u0151.hu:<\/strong><\/p>\n\n\n\n<p>&#8211; K\u00f6sz\u00f6nj\u00fck a r\u00e9szletes ismertet\u0151t. Van-e m\u00e9g olyan dolog, ami fontos lehet a vev\u0151k sz\u00e1m\u00e1ra? Gondolunk itt a garanci\u00e1ra, a tart\u00f3ss\u00e1gra.<\/p>\n\n\n\n<p><strong>BAYO.S Magyarorsz\u00e1g:<\/strong><\/p>\n\n\n\n<p><strong>&#8211;&nbsp;<\/strong>A BAYO.S talajcsavarok Eur\u00f3p\u00e1ban k\u00e9sz\u00fclnek, a gy\u00e1rt\u00e1si folyamatok megfelelnek a szigor\u00fa EU-s el\u0151\u00edr\u00e1soknak. Ez vonatkozik a min\u0151s\u00e9gi alapanyaghaszn\u00e1latra, a prez\u00edc megmunk\u00e1l\u00e1sra, valamint a megfelel\u0151 korr\u00f3zi\u00f3v\u00e9delemre, t\u0171zihorganyz\u00e1sra. A t\u00e1vol-keleti, k\u00ednai piacr\u00f3l \u00e9rkez\u0151 talajcsavarok eset\u00e9ben ugyanez sajnos nem mondhat\u00f3 el minden esetben, pedig r\u00e1n\u00e9z\u00e9sre laikusk\u00e9nt <strong>egyform\u00e1nak t\u0171nhetnek, a min\u0151s\u00e9gbeli k\u00fcl\u00f6nbs\u00e9g m\u00e9gis \u00f3ri\u00e1si lehet.<\/strong><\/p>\n\n\n\n<p>&#8211; A BAYO.S talajcsavarok rendelkeznek gy\u00e1rt\u00f3i teljes\u00edtm\u00e9nynyilatkozattal, T\u00dcV tan\u00fas\u00edtv\u00e1nnyal, CE jel\u00f6l\u00e9ssel. \u00c1trozsd\u00e1sod\u00e1sra 50 \u00e9v garanci\u00e1t v\u00e1llalunk, ez azonban nem azt jelenti, hogy 50 \u00e9v m\u00falva a talajcsavar elporlik, j\u00f3 es\u00e9llyel a t\u00e9nyleges \u00e9lettartam a 100 \u00e9vet is meghaladja.<\/p>\n\n\n\n<p>Itt szeretn\u00e9nk eloszlatni a k\u00e9telyeket: a talajcsavarok nem fordulnak ki a f\u00f6ldb\u0151l, nem s\u00fcllyednek meg, \u00e9s nem korrod\u00e1l\u00f3dnak el \u00e9vek alatt. Gondoljunk csak a Keleti p\u00e1lyaudvarra, amelyet b\u00e1r lehet sokan nem tudnak, de mocsaras ter\u00fcleten \u00e1ll \u00e9s 3000 db, 15 m\u00e9teres v\u00f6r\u00f6sfeny\u0151 c\u00f6l\u00f6pre \u00e9p\u00fclt t\u00f6bb, mint 140 \u00e9ve \u00e9s nem f\u00fajta el a sz\u00e9l \u00e9s nem is s\u00fcllyed el. S\u0151t, a c\u00f6l\u00f6palapoz\u00e1s mellett \u00e9ppen az\u00e9rt d\u00f6nt\u00f6ttek, mert a hagyom\u00e1nyos alap els\u00fcllyedt volna. De megeml\u00edthetn\u00e9k az olasz Velenc\u00e9t is, ami \u00e9vsz\u00e1zadok \u00f3ta stabilan \u00e1ll v\u00f6r\u00f6sfeny\u0151 c\u00f6l\u00f6p\u00f6k\u00f6n.<\/p>\n\n\n\n<p><a><\/a> <strong>Hangs\u00faly azonban a megfelel\u0151 min\u0151s\u00e9g\u0171 term\u00e9k, a megfelel\u0151 tervez\u00e9s \u00e9s az ehhez sz\u00fcks\u00e9ges szak\u00e9rtelemmel rendelkez\u0151 kivitelez\u0151 megv\u00e1laszt\u00e1s\u00e1n van. Ha k\u00f6r\u00fcltekint\u0151ek vagyunk, akkor k\u00e9s\u0151bb nem \u00e9rhet csal\u00f3d\u00e1s.<\/strong><\/p>\n\n\n\n<p><strong>Mobilh\u00e1zkeres\u0151.hu:<\/strong><\/p>\n\n\n\n<p>&#8211; Ez azt\u00e1n j\u00f3l hangzik! A szakm\u00e1t m\u00e1r meggy\u0151zte a BAYO.S Magyarorsz\u00e1g, \u00e9s az \u00e1ltaluk forgalmazott talajcsavarok. Ha olvas\u00f3inkat is, akkor keress\u00e9k bizalommal Partner\u00fcnket az al\u00e1bbi el\u00e9rhet\u0151s\u00e9geken:<\/p>\n\n\n\n<p><strong>BAYO.S Magyarorsz\u00e1g<\/strong><\/p>\n\n\n\n<p><u><a href=\"http:\/\/www.bayos.hu\/\" target=\"_blank\" rel=\"noreferrer noopener\">www.bayos.hu<\/a><\/u><\/p>\n\n\n\n<p>Tel.:&nbsp;<a href=\"tel:+36%2030%C2%A0760%203383\"><u>+36 30&nbsp;760 3383<\/u><\/a><\/p>\n\n\n\n<p>E-mail:\u00a0<u><a href=\"mailto:info@bayos.hu\" target=\"_blank\" rel=\"noreferrer noopener\">info@bayos.hu<\/a><\/u><\/p>\n\n\n\n<figure class=\"wp-block-image size-large is-resized\"><img decoding=\"async\" src=\"https:\/\/mobilhazkereso.hu\/wp-content\/uploads\/2023\/08\/67CD6113-E300-4CCF-BD81-7A4EE8A61C52-1024x333.png\" alt=\"BAYO.S MAGYARORSZ\u00c1G - TALAJCSAVAROK\" class=\"wp-image-1346\" style=\"width:205px;height:auto\"\/><\/figure>\n\n\n\n<p><strong>A BAYO.S MAGYARORSZ\u00c1G-ot megtal\u00e1lod a Mobilh\u00e1zkeres\u0151.hu oldal\u00e1n is:<\/strong> <a href=\"https:\/\/mobilhazkereso.hu\/?page_id=1312\" data-type=\"link\" data-id=\"https:\/\/mobilhazkereso.hu\/?page_id=1312\"><strong>BAYO.S MAGYARORSZ\u00c1G<\/strong><\/a><\/p>\n\n\n\n<p>2023.11.09.<\/p>\n\n\n\n<p><em>A fenti cikk a Mobilh\u00e1zkeres\u0151.hu tulajdona.<\/em><\/p>\n\n\n\n<p><em>A Mobilh\u00e1zkeres\u0151.hu enged\u00e9lyt ad a szabad felhaszn\u00e1l\u00e1s\u00e1ra, de felt\u00e9tlen sz\u00fcks\u00e9ges az eredeti forr\u00e1s megjel\u00f6l\u00e9se, mely tartalmazza a Mobilh\u00e1zkeres\u0151.hu nev\u00e9t \u00e9s az eredeti cikkre mutat\u00f3 linket.<\/em><\/p>\n\n\n\n<p><\/p>\n\n\n\n<p><\/p>\n","protected":false},"excerpt":{"rendered":"<p>Partner\u00fcnket, a cseh-d\u00e1n BAYO.S SE gy\u00e1rt\u00f3 v\u00e1llalat kiz\u00e1r\u00f3lagos magyarorsz\u00e1gi k\u00e9pvisel\u0151j\u00e9t a BAYO.S Magyarorsz\u00e1got\u00a0k\u00e9rdezt\u00fck a t\u00e9m\u00e1ban. A BAYO.S Magyarorsz\u00e1g igaz\u00e1n szakavatott a talajcsavarok ter\u00e9n, hiszen Eur\u00f3p\u00e1ban gy\u00e1rtott, I. oszt\u00e1ly\u00fa min\u0151s\u00e9g\u0171 talajcsavarok kis- \u00e9s nagykereskedelm\u00e9vel, talajcsavaros alapok tervez\u00e9s\u00e9vel \u00e9s kivitelez\u00e9s\u00e9vel foglalkozik. Teh\u00e1t ha valaki, akkor \u0151k igaz\u00e1n tudj\u00e1k, hogy mi\u00e9rt v\u00e1lasszuk a talajcsavart. Mobilh\u00e1zkeres\u0151.hu.: &#8211; De mi\u00e9rt&#8230;<\/p>\n","protected":false},"author":2,"featured_media":0,"parent":0,"menu_order":0,"comment_status":"closed","ping_status":"closed","template":"","meta":{"_monsterinsights_skip_tracking":false,"_monsterinsights_sitenote_active":false,"_monsterinsights_sitenote_note":"","_monsterinsights_sitenote_category":0,"ngg_post_thumbnail":0,"footnotes":""},"class_list":["post-1561","page","type-page","status-publish","hentry"],"_links":{"self":[{"href":"https:\/\/mobilhazkereso.hu\/index.php?rest_route=\/wp\/v2\/pages\/1561","targetHints":{"allow":["GET"]}}],"collection":[{"href":"https:\/\/mobilhazkereso.hu\/index.php?rest_route=\/wp\/v2\/pages"}],"about":[{"href":"https:\/\/mobilhazkereso.hu\/index.php?rest_route=\/wp\/v2\/types\/page"}],"author":[{"embeddable":true,"href":"https:\/\/mobilhazkereso.hu\/index.php?rest_route=\/wp\/v2\/users\/2"}],"replies":[{"embeddable":true,"href":"https:\/\/mobilhazkereso.hu\/index.php?rest_route=%2Fwp%2Fv2%2Fcomments&post=1561"}],"version-history":[{"count":9,"href":"https:\/\/mobilhazkereso.hu\/index.php?rest_route=\/wp\/v2\/pages\/1561\/revisions"}],"predecessor-version":[{"id":1570,"href":"https:\/\/mobilhazkereso.hu\/index.php?rest_route=\/wp\/v2\/pages\/1561\/revisions\/1570"}],"wp:attachment":[{"href":"https:\/\/mobilhazkereso.hu\/index.php?rest_route=%2Fwp%2Fv2%2Fmedia&parent=1561"}],"curies":[{"name":"wp","href":"https:\/\/api.w.org\/{rel}","templated":true}]}}